{"id":439,"date":"2025-06-07T17:01:49","date_gmt":"2025-06-07T15:01:49","guid":{"rendered":"https:\/\/hlt-winterthur.ch\/?page_id=439"},"modified":"2025-06-12T17:10:44","modified_gmt":"2025-06-12T15:10:44","slug":"junge-erwachsene","status":"publish","type":"page","link":"https:\/\/hlt-winterthur.ch\/?page_id=439","title":{"rendered":"Junge Erwachsene"},"content":{"rendered":"\n<figure class=\"wp-block-image alignwide size-large\"><img loading=\"lazy\" decoding=\"async\" width=\"1920\" height=\"1080\" src=\"https:\/\/hlt-winterthur.ch\/wp-content\/uploads\/2025\/02\/young_adults_social_interaction-edited.jpeg\" alt=\"\" class=\"wp-image-669\" srcset=\"https:\/\/hlt-winterthur.ch\/wp-content\/uploads\/2025\/02\/young_adults_social_interaction-edited.jpeg 1920w, https:\/\/hlt-winterthur.ch\/wp-content\/uploads\/2025\/02\/young_adults_social_interaction-edited-300x169.jpeg 300w, https:\/\/hlt-winterthur.ch\/wp-content\/uploads\/2025\/02\/young_adults_social_interaction-edited-1024x576.jpeg 1024w, https:\/\/hlt-winterthur.ch\/wp-content\/uploads\/2025\/02\/young_adults_social_interaction-edited-768x432.jpeg 768w, https:\/\/hlt-winterthur.ch\/wp-content\/uploads\/2025\/02\/young_adults_social_interaction-edited-1536x864.jpeg 1536w, https:\/\/hlt-winterthur.ch\/wp-content\/uploads\/2025\/02\/young_adults_social_interaction-edited-1568x882.jpeg 1568w\" sizes=\"auto, (max-width: 1920px) 100vw, 1920px\" \/><\/figure>\n\n\n\n<h2 class=\"wp-block-heading\">Junge Erwachsene<\/h2>\n\n\n\n<p>Unsere Gruppe &#171;Junge Erwachsene&#187; richtet sich an alle zwischen 18 und 35 Jahren, die Gemeinschaft, Austausch und gelebten Glauben erleben m\u00f6chten. Jeden 2. Sonntag kommen wir zusammen, um uns \u00fcber Gott und die Welt auszutauschen \u2013 mal tiefgr\u00fcndig, mal humorvoll, aber immer ehrlich und offen. Zudem unternehmen wir regelm\u00e4\u00dfig gemeinsame Aktivit\u00e4ten, die Spa\u00df und Begegnung erm\u00f6glichen. Auch unser Engagement in Dienstprojekten liegt uns am Herzen, mit denen wir praktische Hilfe leisten und Glaube in die Tat umsetzen. Werde Teil unserer lebendigen Gemeinschaft \u2013 wir freuen uns auf dich!<\/p>\n\n\n\n<div class=\"wp-block-columns alignwide is-layout-flex wp-container-core-columns-is-layout-9d6595d7 wp-block-columns-is-layout-flex\">\n<div class=\"wp-block-column is-style-twentytwentyone-latest-posts-dividers is-layout-flow wp-block-column-is-layout-flow\"><ul class=\"wp-block-latest-posts__list is-grid columns-3 has-dates has-author alignwide is-style-default wp-block-latest-posts\"><\/ul><\/div>\n<\/div>\n\n\n\n<div class=\"wp-block-columns is-layout-flex wp-container-core-columns-is-layout-9d6595d7 wp-block-columns-is-layout-flex\">\n<div class=\"wp-block-column is-vertically-aligned-stretch is-layout-flow wp-block-column-is-layout-flow\">\n<p>Hallo, ich bin Pascal und leite die Gruppe der Jungen Erwachsenen. Wenn du Fragen hast oder bei unseren Aktivit\u00e4ten mitmachen m\u00f6chtest, schreib mir einfach. Ich freue mich auf deine Nachricht! <br><a href=\"mailto:je@hlt-winterthur.ch\">je@hlt-winterthur.ch<\/a><\/p>\n<\/div>\n\n\n\n<div class=\"wp-block-column is-vertically-aligned-center is-layout-flow wp-block-column-is-layout-flow\"><div class=\"wp-block-image is-style-rounded\">\n<figure class=\"alignright size-large is-resized\"><img loading=\"lazy\" decoding=\"async\" width=\"1024\" height=\"1024\" src=\"https:\/\/hlt-winterthur.ch\/wp-content\/uploads\/2025\/01\/Platzhalter-Foto-1024x1024.jpg\" alt=\"\" class=\"wp-image-476\" style=\"aspect-ratio:1;object-fit:cover;width:257px;height:auto\" srcset=\"https:\/\/hlt-winterthur.ch\/wp-content\/uploads\/2025\/01\/Platzhalter-Foto-1024x1024.jpg 1024w, https:\/\/hlt-winterthur.ch\/wp-content\/uploads\/2025\/01\/Platzhalter-Foto-300x300.jpg 300w, https:\/\/hlt-winterthur.ch\/wp-content\/uploads\/2025\/01\/Platzhalter-Foto-150x150.jpg 150w, https:\/\/hlt-winterthur.ch\/wp-content\/uploads\/2025\/01\/Platzhalter-Foto-768x768.jpg 768w, https:\/\/hlt-winterthur.ch\/wp-content\/uploads\/2025\/01\/Platzhalter-Foto-1536x1536.jpg 1536w, https:\/\/hlt-winterthur.ch\/wp-content\/uploads\/2025\/01\/Platzhalter-Foto-2048x2048.jpg 2048w, https:\/\/hlt-winterthur.ch\/wp-content\/uploads\/2025\/01\/Platzhalter-Foto-1568x1568.jpg 1568w\" sizes=\"auto, (max-width: 1024px) 100vw, 1024px\" \/><\/figure>\n<\/div><\/div>\n<\/div>\n","protected":false},"excerpt":{"rendered":"<p>Junge Erwachsene Unsere Gruppe &#171;Junge Erwachsene&#187; richtet sich an alle zwischen 18 und 35 Jahren, die Gemeinschaft, Austausch und gelebten Glauben erleben m\u00f6chten. Jeden 2. Sonntag kommen wir zusammen, um uns \u00fcber Gott und die Welt auszutauschen \u2013 mal tiefgr\u00fcndig, mal humorvoll, aber immer ehrlich und offen. Zudem unternehmen wir regelm\u00e4\u00dfig gemeinsame Aktivit\u00e4ten, die Spa\u00df&hellip; <a class=\"more-link\" href=\"https:\/\/hlt-winterthur.ch\/?page_id=439\">Continue reading <span class=\"screen-reader-text\">Junge Erwachsene<\/span><\/a><\/p>\n","protected":false},"author":1,"featured_media":0,"parent":0,"menu_order":0,"comment_status":"closed","ping_status":"closed","template":"","meta":{"footnotes":""},"class_list":["post-439","page","type-page","status-publish","hentry","entry"],"_links":{"self":[{"href":"https:\/\/hlt-winterthur.ch\/index.php?rest_route=\/wp\/v2\/pages\/439","targetHints":{"allow":["GET"]}}],"collection":[{"href":"https:\/\/hlt-winterthur.ch\/index.php?rest_route=\/wp\/v2\/pages"}],"about":[{"href":"https:\/\/hlt-winterthur.ch\/index.php?rest_route=\/wp\/v2\/types\/page"}],"author":[{"embeddable":true,"href":"https:\/\/hlt-winterthur.ch\/index.php?rest_route=\/wp\/v2\/users\/1"}],"replies":[{"embeddable":true,"href":"https:\/\/hlt-winterthur.ch\/index.php?rest_route=%2Fwp%2Fv2%2Fcomments&post=439"}],"version-history":[{"count":12,"href":"https:\/\/hlt-winterthur.ch\/index.php?rest_route=\/wp\/v2\/pages\/439\/revisions"}],"predecessor-version":[{"id":732,"href":"https:\/\/hlt-winterthur.ch\/index.php?rest_route=\/wp\/v2\/pages\/439\/revisions\/732"}],"wp:attachment":[{"href":"https:\/\/hlt-winterthur.ch\/index.php?rest_route=%2Fwp%2Fv2%2Fmedia&parent=439"}],"curies":[{"name":"wp","href":"https:\/\/api.w.org\/{rel}","templated":true}]}}